8).
71
Let j(f) be the first derivative of f**4/4 - 2*f**3 + 2*f**2 + f - 285. Suppose -4*i = 0, -b + 4*b = -5*i + 63. Suppose 5*s - 4 = b. What is j(s)?
-4
Let m(a) = 6*a - 1. Let p(v) = -v + 1. Let z(o) = -5. Let w(r) = -6*p(r) - z(r). Let d(n) = -6*m(n) + 5*w(n). What is d(-1)?
7
Let p = 22 + -20. Suppose p = 2*s - 8. Suppose -s*q - q = -42. Let v(c) = -2*c + 8. Give v(q).
-6
Let k(u) = u**3 - 5*u**2 - 3*u - 5. Suppose -3*p - p = -16. Suppose 25 = 5*i, -5*z = -p*i + 3*i - 235. Let j be 2/(-8) + 300/z. What is k(j)?
13
Let c(k) = -k - 1. Let z(g) = g**2 - 5*g - 6. Let i(a) = -6*c(a) + z(a). Let u = 103 + -104. Calculate i(u).
0
Suppose 0 = a + 7 - 1. Let c(l) = l. Let i(o) = 8*o + 20. Let w(x) = 3*c(x) + i(x). Let j(g) = -4*g - 7. Let f(m) = -8*j(m) - 3*w(m). Calculate f(a).
2
Let c be 2/7 - (-14)/(-49). Suppose -7*x + 4 + 17 = c. Let j(i) = -7 - 7 + 2*i**2 + 5*i**x - 8 + 21. Give j(1).
6
Let y(l) be the second derivative of -l**7/2520 + l**6/72 - l**5/20 + 5*l**4/4 + 2*l. Let h(n) be the third derivative of y(n). Give h(9).
3
Let u(r) = 3*r**3 + 1 - 4*r**2 + 5*r**2 - 3*r**2. Let y be (300/(-100))/((-1 - -2) + 2). Determine u(y).
-4
Let x(v) be the first derivative of v**5/60 - 5*v**4/24 + v**3/3 - 9*v**2 - 21. Let p(g) be the second derivative of x(g). What is p(5)?
2
Let x(p) = -p + 9. Let f be x(8). Let y(u) = 8*u - 1. What is y(f)?
7
Let y(b) be the third derivative of 0 - 1/12*b**4 - 2/3*b**3 - 5*b**2 + 0*b. Give y(-5).
6
Let f(v) = -5*v - 5 - 18 - v + 21. Determine f(2).
-14
Suppose 0 = o - 4*w + 17, 3*w = 5 + 10. Suppose v = 4*c - 3, 4*v + 3*c = -8 + 34. Let t(y) = -6 - 2 - 2*y + v. What is t(o)?
-9
Let x = -7 - -12. Let z(k) = -5*k - 13 - x*k - 2 + k**2. Determine z(11).
-4
Let u(s) = -3 - 3*s**2 + 16*s**3 - 19*s**3 + 0*s**2 + 3*s. Determine u(2).
-33
Let h(d) be the first derivative of -d**7/840 - d**6/120 - d**5/40 - d**4/8 + 19*d**3/3 - 3. Let w(i) be the third derivative of h(i). Determine w(-3).
6
Let i(z) be the first derivative of -z**4/4 + z**3 + 9*z**2/2 - 10*z + 231. Determine i(5).
-15
Let b(o) = -42*o**3 - 40*o**3 + 80*o**3 + 3*o**3 + 19 - 2*o - 10*o**2. Give b(10).
-1
Let z = 243 - 93. Let s(j) = z - 149 + 8*j**2 - j**2. Calculate s(1).
8
Let g(r) be the first derivative of r**3/6 + r**2/2 + 21*r + 12. Let z(n) be the first derivative of g(n). Calculate z(6).
7
Suppose p = -p + 12. Suppose -3*j - 11 = -d, -23 = -5*d - 0*j - j. Let x(q) = 0*q + 7 + 6 - d - 2*q. Give x(p).
-4
Suppose 15 - 7 = -4*n. Let i = 0 - n. Suppose i*g = -g + 18. Let q(l) = 3*l - 4. What is q(g)?
14
Let t = -23 - 4. Let v = t - -29. Let o be (-1 + v)/((-1)/5). Let y(g) = -g**3 - 5*g**2 - 2*g - 3. What is y(o)?
7
Let b(p) be the third derivative of -p**6/120 - p**5/10 + p**4/4 + p**3/3 - 2*p**2 - 24. Determine b(-7).
9
Let s(a) be the third derivative of a**6/120 + a**5/30 + a**4/8 - a**3/6 + 12*a**2 - 10*a. Determine s(-3).
-19
Let m be (9 - (-90)/(-8)) + 5/4. Let n(t) be the second derivative of t**3 + t**2/2 - 4*t. Let b(i) = 5*i + 1. Let a(o) = 5*b(o) - 6*n(o). Give a(m).
10
Let z(l) = 3*l + 12. Let d(m) = 8*m - 28 + 0*m**2 - 3*m**2 + 29 + 2*m**2. Let s be d(9). Calculate z(s).
-12
Let i = 0 + 1. Let k(r) = -r**2 + 8*r - 7. Let z(g) = 6*g**3 - g**2 - g + 2. Let h be z(1). Let p(m) = -m + 1. Let a(n) = h*p(n) + i*k(n). Determine a(2).
-1
Suppose 3*f + 2*b = -10, -f = -2*f - 3*b - 15. Let w(z) = f*z - 2*z + 3 + 4*z. Let o(l) = -2*l**2 - 57*l - 33. Let g be o(-28). Give w(g).
-7
Let y(z) = 0*z + 4*z - 2*z - 7. Let f(o) = o**2 + 4*o + 9. Let q be f(-2). Calculate y(q).
3
Let p(q) = -q**2 + 5*q + 27. Suppose 0 = -2*i + 37 - 21. Let a be p(i). Let x(m) = m**2 - 4*m + 2. Calculate x(a).
-1
Let b(r) = 14*r + 10. Let z(h) = -13*h - 6. Let o(t) = 3*b(t) + 4*z(t). What is o(2)?
-14
Let g(a) = a + 1. Let c(z) = -13*z - 63. Let u be c(-5). What is g(u)?
3
Suppose -2*s + 12 = 2*s. Let k be (-1)/(5 - (-18)/(-3)). Suppose -s*j - k = -10. Let z(d) = 5*d. Determine z(j).
15
Let j be (-16)/24*6/(-4). Suppose 0*m = -m + j. Let q(d) = -3*d**2 - 3*d - 4*d**2 + m + 2*d**2 - d**3. Give q(-3).
-8
Let i be (2 - 10/3)*(-81)/18. Let c(u) = 2*u**2 - u**2 + i*u - 3*u. What is c(-4)?
4
Let o(y) = y**3 - 11*y**2 + 9*y + 13. Let k be o(10). Suppose u + 26 = 4*x, k*u + u + 4 = -4*x. Let b(h) = h**2 + 6*h + 1. Determine b(u).
1
Let g(p) = 3*p**2 - 1. Suppose -2 = -4*h - 3*o, 2*o + 0*o = 2*h + 6. Let l be g(h). Let v = l + -6. Let s(t) = t**2 + 6*t + 2. What is s(v)?
-6
Let k = -12 + 4. Let f(r) = -6*r**2 + 14*r + 5. Let l(y) = -6*y + 2 + y - 3 - 1 + 2*y**2. Let c(j) = k*l(j) - 3*f(j). What is c(1)?
1
Let d be (-30)/(-7) - ((-10)/(-35) - 0). Suppose 2*n - d*n = 6. Let v(h) = h**2 + h - 3. Determine v(n).
3
Let y(m) = -m - 16. Suppose 0 = -4*k - 5*h - 60, 4*h + 1 - 5 = 2*k. Calculate y(k).
-6
Let c(g) be the first derivative of g**3 - 18 + 1/4*g**4 - 4*g - g**2. Calculate c(-3).
2
Let c(w) = -2*w**2 - 2 + 6 - 5*w + w**2 - 4*w**2 + 4*w**2. Give c(-5).
4
Let m be (3 - 1)*(-27)/6. Let g(p) = 13*p + 12. Let k(d) = -3*d - 3. Let q(h) = m*k(h) - 2*g(h). Let r be (-4)/1*(-45)/(-30). Determine q(r).
-3
Let y(z) = 5 + 2*z + 0*z + 0*z. Let s = 131 - 119. Let l be (s/(-10))/(((-1)/5)/(-1)). Calculate y(l).
-7
Let f(d) be the second derivative of d**4/12 - 5*d**3/6 + 3*d**2 + 26*d + 2. Calculate f(5).
6
Let l(q) = -q**2 + 4*q + 3. Suppose -44 = m - 12*m. Suppose -4*j = -5*s - 22, m*j + 5*s - s = 4. Give l(j).
6
Let q(m) = -2*m**3 + 8*m**2 + 5*m - 36. Let c(a) = -a**3 - a - 10. Let f(o) = -3*c(o) + q(o). Let z be 102/(-14) + 4/14. Determine f(z).
-13
Let r(p) = 3*p + 2. Let c(z) = -4 + 4 + 3 + z**2 - z + 8*z. Let g be c(-7). Determine r(g).
11
Let l(y) = -2*y**2 - 23*y + 11. Let b(n) = -n**2 - 11*n + 6. Suppose 2*m - 1 = -j, -19 = j - 3*m - 0. Let v(s) = j*b(s) + 3*l(s). Determine v(-8).
-9
Let y = -24 + 31. Let n(o) = o**2 - 3*o + y*o - 2*o - 3. Determine n(2).
5
Let y = -24 - -30. Suppose -3*z + 3 = -y*z. Let v(i) = -i - 1. Give v(z).
0
Let o(t) = t**2 - 16*t + 2. Suppose -b - 5*x - 9 = 0, 5*x + 24 = 2*b - 33. What is o(b)?
2
Let t(b) be the first derivative of -6*b - 1/6*b**3 + 9/2*b**2 - 6. Let h(l) be the first derivative of t(l). Calculate h(0).
9
Let u(i) = 5 - 7*i - 3 - 10*i + 18*i. Determine u(6).
8
Let p(t) = -4 - 7 + 15 + 3*t - 10*t - 1. What is p(1)?
-4
Let f(u) = 2*u**2 + u - 1. Let s(a) = -a**3 - 20*a**2 - 21*a + 3. Let o(i) = -5*f(i) - s(i). Determine o(-8).
2
Let j(z) = -z + 24. Let o be j(24). Suppose -4*t + 12 = -o*t. Let d(h) = h**3 - 2*h**2 - 2*h - 2. What is d(t)?
1
Suppose -29*i + 47 = -24*i + 2*q, 0 = i - 4*q - 5. Let g(o) = o**3 - 9*o**2 + 6*o - 2. Determine g(i).
52
Let h(i) = 17*i**2 - 7*i**2 - 3*i**2 + 20*i - 5*i**2 + 22 + 0*i**2. What is h(-9)?
4
Let c be 24/9 + -6*1/(-18). Let a be ((-4)/(-3))/(5/(-30)) + c. Let q(t) = 3*t - 4. Determine q(a).
-19
Let i(z) be the second derivative of -z**3/6 + z**2/2 - 2*z + 33. What is i(10)?
-9
Let l(y) = -30*y - y**2 + 5 - 41*y - 36*y + 114*y. What is l(7)?
5
Let o(v) = 25*v**2 + 1. Suppose -2*g + 16 = 3*x - 12, -3*x + 2*g = -8. Suppose 5*d + 2*f - 7*f - 5 = 0, -x = 3*f. Determine o(d).
26
Let h(z) be the first derivative of -z**3/3 - 13*z**2/2 - 15*z + 258. Calculate h(-12).
-3
Let w be (-20)/(-35) + (-8)/14. Let l be 1 - w - (2 + 1). Let o be 3/(6*l/(-20)). Let p(y) = y**2 - 6*y + 2. Calculate p(o).
-3
Let v(k) = k**2 + 6*k - 5. Let x be v(-7). Suppose 4*t = -x*f - 0 - 2, 5*f - 19 = -2*t. Let i(r) = 3*r - 25 - 3 + 21. Calculate i(f).
8
Let s(q) be the second derivative of q**3/6 + 17*q**2/2 - 301*q. Determine s(-9).
8
Suppose 0 = r - 0 + 5. Let o(x) be the third derivative of 1/60*x**5 - 1/2*x**3 - 11*x**2 + 1/6*x**4 + 0*x + 0. Calculate o(r).
2
Let q(o) be the first derivative of -3*o**2/2 - 4*o - 79. What is q(-11)?
29
Let a(l) = -4*l**3 - 29*l**2 + 8*l + 37. Let c(j) = j**3 + 2*j**2 - 2*j - 1. Let y(h) = -a(h) - 5*c(h). What is y(19)?
6
Let r(o) = o + 5. Let d be r(0). Let l(q) = -q**2 - q - 2. Let i be l(-1). Let g(w) = -w + 5. Let s(u) = -5*u + 24. Let x(v) = i*s(v) + 11*g(v). Determine x(d).
2
Suppose 0 = -6*a + 2*a + 24. Suppose -3*o + 0*o = -a. Let x(r) = -r**3 + o - r**3 - 3*r**2 + 5*r - 4*r. Calculate x(-2).
4
Let s be 0 - 0 - 15/3. Let q(b) = -7 + 18*b - 28*b + 6*b - 6*b**2 + 1 - b**3. Determine q(s).
-11
Suppose 